2 + 8*i**2. What are the prime factors of l(12)?
2, 607
Let g(d) = -2*d**3 + 8*d**2 - 10*d + 2. Let s be g(4). Suppose -x - 4*n = x - 156, -x + 68 = 4*n. Let y = s + x. List the prime factors of y.
2, 5
Let b(v) = 5*v + 589. What are the prime factors of b(-4)?
569
Let l be (-308)/(-3 + (-8)/(-3)). Suppose 4*x - 126 = 26. Suppose -31*w + x*w = l. List the prime factors of w.
2, 3, 11
Suppose 0 = 171*x + 256*x - 4056983 - 172452. What are the prime factors of x?
5, 7, 283
Let v(f) be the third derivative of -41*f**4/24 + 5*f**3/6 + 4*f**2. Let n be v(1). List the prime factors of (319/33)/(-1 + (-38)/n).
2, 3, 29
Suppose 3*r - 5 = 4*h - 2*h, -19 = -5*h - 3*r. Suppose -4119 = -5*m + 516. Suppose -n - 465 = -2*i, 5*n + m = 2*i + h*i. What are the prime factors of i?
233
Suppose -b = 4*n - 82, -4*b + 7*b - 246 = 4*n. Suppose -96*j = -b*j - 14602. What are the prime factors of j?
7, 149
Suppose 4*y + 345 = 5*h, 2*h - 2*y - 64 = 72. Let n(q) = -17*q - 171. Let k be n(-11). Let l = h + k. What are the prime factors of l?
89
Let s = -73 + -146. Let f = s + 478. What are the prime factors of f?
7, 37
List the prime factors of 57/(-855) - ((-388652)/30 - 3).
2, 11, 19, 31
Let l(g) = 905*g - 3483. What are the prime factors of l(14)?
9187
Suppose -2*s = -n - 5830 - 3372, 5*n = -2*s + 9178. Suppose 0 = -2*a + 6, 3*l = -27*a + 28*a + s. What are the prime factors of l?
2, 13, 59
Let y(f) = -f**2 - 5*f - 13. Let m be ((-5)/(15/(-18)))/(1 - 2). Let s be y(m). Let z = s + 23. List the prime factors of z.
2
Suppose m + 3*m = l + 12, -2*l = -5*m + 15. Suppose -5*f - 4*d + 3100 = l, -21*d = f - 19*d - 614. What are the prime factors of f?
2, 3, 13
Let s = -78 + 77. What are the prime factors of s - ((-38)/(-171) + (-1685)/9)?
2, 3, 31
Let v be (-36)/(-14) - (3 - 136/56). Suppose 6*s - s - 3*f = 1577, -634 = -2*s - v*f. What are the prime factors of s?
2, 79
Let p(x) = -48*x + 3. Suppose -6 = -4*v + 14. Suppose -u + v*c + 13 = -4*u, -5*c = 10. What are the prime factors of p(u)?
3, 17
Suppose 6486 = h + 3*g, 4*g = 2*h + 4315 - 17257. List the prime factors of h.
3, 17, 127
Suppose 3*y + g - 29 = 680, -4*y = -4*g - 972. Suppose 118 = -3*k + y. What are the prime factors of k?
2, 5
List the prime factors of (18351/(-2))/(7/(-14)).
3, 2039
Let f be (-10 - -19)*(7 + -3)/4. List the prime factors of f/(-21) + 36608/28.
1307
Let y(j) be the third derivative of -j**5/6 + j**4/8 - 10*j**3/3 + 11*j**2. Let r(s) be the first derivative of y(s). List the prime factors of r(-6).
3, 41
Let j(u) = 3*u**2 + 8*u + 972. What are the prime factors of j(0)?
2, 3
Let x be 3/((-117)/(-813)) - (-84)/546. Suppose x*r + 21*r = 8988. What are the prime factors of r?
2, 107
Let p(z) = 41747*z - 859. List the prime factors of p(2).
3, 5, 7, 787
Let t(g) = -5595*g - 20. Let w be t(-3). Let z be 7 + w/28 + 2/8. Let p = z - 401. What are the prime factors of p?
5, 41
Let d(l) = 9*l + 33. Let q(g) = 4*g + 6. Let a be q(0). Let j be d(a). Let o = 122 - j. List the prime factors of o.
5, 7
Let r = -32888 + 49008. What are the prime factors of r?
2, 5, 13, 31
Let k be -2 - -8 - (-7)/(7/(-3)). Suppose -7*j + 4210 = k*j. List the prime factors of j.
421
Let t(b) be the second derivative of b**4/12 + 4*b**3/3 - 37*b**2/2 + 50*b. What are the prime factors of t(11)?
2, 43
Let b be (-4 - 1 - -6199)*(-1)/(-2). Suppose 4*i + 2462 = 4*l - 1670, -5*i - b = -3*l. List the prime factors of l.
2, 11, 47
Suppose 2*k = 3*u - 37, u + 2*k + 3*k = -16. Suppose 0 = -u*r + 13*r - 32. Suppose 449 = r*j + 121. What are the prime factors of j?
41
Let s(b) = 1347*b**2 + 129*b + 611. What are the prime factors of s(-4)?
21647
Suppose -2*z + 3*w = -19, 2 - 17 = 5*z + 5*w. List the prime factors of 4576/64 + (-3)/z.
2, 5, 7
Let q be 2704/14 + (-8)/(-5 - -61). Suppose 2*y - 4*h = 3382, 0 = -3*y - 4*h - q + 5246. What are the prime factors of y?
7, 241
Let v = -2705 - -2801. Let r(l) = -13*l + 4. Let t be r(5). Let y = t + v. List the prime factors of y.
5, 7
Let n(h) be the second derivative of h**5/20 + 9*h**4/4 + 3*h**3 - h**2 - 211*h. List the prime factors of n(-23).
2, 5, 17
Let a(d) = 34*d**2 - 141*d + 1944. What are the prime factors of a(19)?
11, 1049
Suppose 2*z = -2*z + 480. Suppose 0 = -k + 4*b - 4, 4*k + k - 4*b = -4. Suppose -6*l + 384 - z = k. List the prime factors of l.
2, 11
Let i = 19417 + 12314. List the prime factors of i.
3, 7, 1511
Let i = -1590 - -2474. Suppose 4*f = 5*c - i, 2*f = 5*c + 446 - 1338. What are the prime factors of c?
2, 3, 5
Suppose -4*z = 2*j - 1878, 5*z - 3756 = -4*j + 7*z. Let y = j - 599. What are the prime factors of y?
2, 5, 17
Let j(g) be the first derivative of 24 - g + 1/4*g**4 - 8/3*g**3 + 3/2*g**2. List the prime factors of j(10).
229
Suppose -11*d - 17 = -149. Suppose 96 = 7*i + d. List the prime factors of i.
2, 3
Suppose 0 = 79*z - 77*z + t - 11802, 7*z - 4*t = 41337. What are the prime factors of z?
5903
Let v be 2 + -7 + 4 - -110. Suppose -2*b - 27 = 4*k - v, 45 = b + k. Suppose -a - 2*h + 18 = 0, 2*a - b - 19 = 4*h. List the prime factors of a.
2, 13
Suppose 46 = 3*g - 5. Suppose -3*o - g = v + 2*o, 2*v - 2 = -o. Suppose -2*x - 2*r - 208 = -6*x, -3*r - 162 = -v*x. What are the prime factors of x?
2, 5
Suppose 4*r - 12*b = -7*b + 171911, 3*r - 3*b - 128937 = 0. What are the prime factors of ((r/30)/(-9))/((-2)/5)?
2, 199
Let m be ((-8)/(1 + -3))/(2/218). Suppose 2*s - t = -273, -2*s - 2*t + 23 = 287. Let b = m + s. What are the prime factors of b?
7, 43
What are the prime factors of 4503 + 0/(7 + -7 - 3)?
3, 19, 79
Suppose -x + 439 = -4*v + 33991, 0 = -4*v - 3*x + 33536. List the prime factors of v.
8387
Let b(i) = -30*i**3 - 22*i - 26. List the prime factors of b(-8).
2, 3, 5, 11, 47
Let p(o) = -19*o - 72. Let n be p(12). Let b = n - -699. List the prime factors of b.
3, 7, 19
Suppose -9*x + 24 = -x. Suppose -x*j - 10 = -22. Suppose -8*o + 32 = -j*o. List the prime factors of o.
2
What are the prime factors of (-1152)/60 + 18 + 39146/5?
2, 19, 103
Let l = 65 - 54. Let p(r) = 16*r**2 + l*r**2 - 28*r**2 - 9*r - 9. What are the prime factors of p(-7)?
5
Suppose 0 = -5*o + 3*o - x + 818, 0 = -o - 4*x + 402. List the prime factors of (o/(3 - 1))/(25/25).
5, 41
Let q(o) = -3*o - 11. Let a be q(-7). Suppose -5*m - 10 - a = -2*i, 5*m - 20 = -2*i. What are the prime factors of i/(-35) - (-135)/7?
19
Suppose 0 = 5*w + 3*b - 142904, 172*w + 5*b = 173*w - 28536. What are the prime factors of w?
2, 19, 47
List the prime factors of (-16)/10 + 7040850/375.
2, 3, 7, 149
Let o = -90 + 30. Let l = o + 143. Suppose 6*i + 5 - l = 0. What are the prime factors of i?
13
Let x(h) = 4*h + 34. Let t be x(-8). Suppose 0 = 4*q + 3*p - t*p - 1834, -4 = -2*p. What are the prime factors of q?
2, 229
Suppose k - 70 = -71. List the prime factors of k*(135/(-5) - 2).
29
Suppose 4*d + 6*t = 78208, 0 = -5*d - 308*t + 313*t + 97835. List the prime factors of d.
31, 631
Suppose -5*p - 5*i + 7 = -8, -2*p - 6 = -4*i. Let d(x) = 2*x - 2. Let j be d(p). Suppose 2*n + s - 224 = 2*s, -5*s - 10 = j. What are the prime factors of n?
3, 37
Let b = 733 + -726. What are the prime factors of (-16)/(-6)*462 - b?
5, 7
Suppose -21*p = -22*p + 208. Let u = 589 - p. List the prime factors of u.
3, 127
Let c(r) = 12*r**2 - 41*r + 33. Let z be c(-13). Suppose 461 = -3*w + z. What are the prime factors of w?
3, 79
Let v = -472 + 476. Suppose 5*o = -v*q + 2640, -3*q - o + 558 + 1422 = 0. What are the prime factors of q?
2, 3, 5, 11
Let y be (0 - -3) + (-2)/1 + 2. What are the prime factors of ((-200)/24)/((-1)/y)?
5
Let u be -3*(3 - 2)*(-4 + -3). Suppose 0 = p - 26*b + u*b - 155, 2*p = 2*b + 310. List the prime factors of p.
5, 31
Let z be (2 - 1) + (36 - 32). Suppose -o + z*a = -369, -6*o - a = -o - 1949. What are the prime factors of o?
389
Let c be -1 - 2 - 4 - -29. Suppose -9529 + 3303 = -c*a. List the prime factors of a.
283
Suppose 0 = 286*l - 8391103 - 6742873. What are the prime factors of l?
2, 13229
Suppose -5*u = -57 + 47. Suppose 3*j + 5*a = 27, 2*j + 0*j - u = 2*a. Suppose o + j*m - 65 = 33, -95 = -o - m. What are the prime factors of o?
2, 47
Suppose 2*o = -2*j + 19246, 0 = -93*o + 92*o + 1. List the prime factors of j.
2, 17, 283
Let o(y) = 12*y - 4. Let v be o(3). Let m = v + -28. Suppose m*l - 4*u = 64, 